NOAA-Style Climate Reports

Select a Year or Month report
2024: Jan Feb Mar Apr May Jun Jul Aug Sep Oct Nov Dec
2023: Jan Feb Mar Apr May Jun Jul Aug Sep Oct Nov Dec

Report for 2024 June
                   Monthly Climatological Summary for Jun 2024

Name: Darlington Weather   City: Darlington   State: Durham
Elevation: 50 m  Lat: N 54° 30' 28"   Lon: W 001° 34' 30"

                  Temperature (°C), Rain (mm), Wind Speed (mph)

                                      Heat  Cool        Avg
    Mean                              Deg   Deg         Wind                 Dom
Day Temp  High   Time   Low    Time   Days  Days  Rain  Speed High   Time    Dir
----------------------------------------------------------------------------------
01  13.5  17.8   15:59   9.1   00:48   4.8   0.0   0.0   1.3  16.0   12:54   NNE
02  14.9  22.2   14:46   7.1   04:58   4.1   0.7   0.0   0.8   9.0   13:59    NW
03  16.1  20.9   15:43  11.0   04:34   2.6   0.4   0.0   1.0  11.0   13:27    NW
04  12.9  17.1   14:34   7.6   23:58   5.4   0.0   0.0   1.9  15.0   14:26   WSW
05  10.5  15.5   14:11   5.1   04:41   7.8   0.0   0.0   1.4  14.0   13:33   WNW
06  11.5  16.8   13:57   5.8   05:44   6.8   0.0   0.0   1.0  12.0   14:40   WNW
07  11.6  16.9   13:42   6.6   04:13   6.7   0.0   0.8   1.6  18.0   17:06   WSW
08  12.6  17.4   16:27   8.6   05:54   5.7   0.0   0.4   1.4  16.0   16:00    NW
09  12.3  16.4   13:28   9.3   00:00   6.0   0.0   0.0   1.1  13.0   08:43    NW
10  10.8  16.1   17:28   7.9   05:45   7.5   0.0   2.4   1.2  17.0   04:43   NNW
11  10.3  14.4   10:42   7.0   04:47   8.0   0.0   2.2   0.7  10.0   10:28     N
12  11.1  15.3   13:08   7.6   23:53   7.2   0.0   1.0   0.4   8.0   12:53   SSE
13  10.5  15.7   13:14   4.9   05:38   7.8   0.0   2.4   2.8  19.0   23:16   SSE
----------------------------------------------------------------------------------
    12.2  22.2     2     4.9    13    80.4   1.1   9.2   1.3  19.0    13     WNW

Max >=  27.0  0
Max <=   0.0  0
Min <=   0.0  0
Min <= -18.0  0
Max Rain: 2.4 on day 10
Days of Rain: 6 (>= 0.2 mm)  3 (>= 2.0 mm)  0 (>= 20.0 mm)
Heat Base: 18.3  Cool Base: 18.3  Method: Integration